{"id":72,"date":"2024-08-19T19:44:05","date_gmt":"2024-08-19T17:44:05","guid":{"rendered":"https:\/\/szkolanajezykach.pl\/?page_id=72"},"modified":"2024-08-30T00:16:26","modified_gmt":"2024-08-29T22:16:26","slug":"o-nas","status":"publish","type":"page","link":"https:\/\/szkolanajezykach.pl\/?page_id=72","title":{"rendered":"O NAS"},"content":{"rendered":"\t\t<div data-elementor-type=\"wp-page\" data-elementor-id=\"72\" class=\"elementor elementor-72\">\n\t\t\t\t<div class=\"elementor-element elementor-element-3b6c1aa e-flex e-con-boxed e-con e-parent\" data-id=\"3b6c1aa\" data-element_type=\"container\">\n\t\t\t\t\t<div class=\"e-con-inner\">\n\t\t\t\t<div class=\"elementor-element elementor-element-570aa8d elementor-widget elementor-widget-image\" data-id=\"570aa8d\" data-element_type=\"widget\" data-widget_type=\"image.default\">\n\t\t\t\t<div class=\"elementor-widget-container\">\n\t\t\t<style>\/*! elementor - v3.23.0 - 05-08-2024 *\/\n.elementor-widget-image{text-align:center}.elementor-widget-image a{display:inline-block}.elementor-widget-image a img[src$=\".svg\"]{width:48px}.elementor-widget-image img{vertical-align:middle;display:inline-block}<\/style>\t\t\t\t\t\t\t\t\t\t<img fetchpriority=\"high\" decoding=\"async\" width=\"1024\" height=\"768\" src=\"https:\/\/szkolanajezykach.pl\/wp-content\/uploads\/2024\/08\/364232298_1243172279702224_6208907127411020933_n-1-1024x768.jpg\" class=\"attachment-large size-large wp-image-231\" alt=\"\" srcset=\"https:\/\/szkolanajezykach.pl\/wp-content\/uploads\/2024\/08\/364232298_1243172279702224_6208907127411020933_n-1-1024x768.jpg 1024w, https:\/\/szkolanajezykach.pl\/wp-content\/uploads\/2024\/08\/364232298_1243172279702224_6208907127411020933_n-1-300x225.jpg 300w, https:\/\/szkolanajezykach.pl\/wp-content\/uploads\/2024\/08\/364232298_1243172279702224_6208907127411020933_n-1-768x576.jpg 768w, https:\/\/szkolanajezykach.pl\/wp-content\/uploads\/2024\/08\/364232298_1243172279702224_6208907127411020933_n-1-1536x1152.jpg 1536w, https:\/\/szkolanajezykach.pl\/wp-content\/uploads\/2024\/08\/364232298_1243172279702224_6208907127411020933_n-1.jpg 2048w\" sizes=\"(max-width: 1024px) 100vw, 1024px\" \/>\t\t\t\t\t\t\t\t\t\t\t\t\t<\/div>\n\t\t\t\t<\/div>\n\t\t\t\t\t<\/div>\n\t\t\t\t<\/div>\n\t\t<div class=\"elementor-element elementor-element-34fb1b6 e-flex e-con-boxed e-con e-parent\" data-id=\"34fb1b6\" data-element_type=\"container\">\n\t\t\t\t\t<div class=\"e-con-inner\">\n\t\t\t\t<div class=\"elementor-element elementor-element-88ebc47 elementor-widget elementor-widget-text-editor\" data-id=\"88ebc47\" data-element_type=\"widget\" data-widget_type=\"text-editor.default\">\n\t\t\t\t<div class=\"elementor-widget-container\">\n\t\t\t<style>\/*! elementor - v3.23.0 - 05-08-2024 *\/\n.elementor-widget-text-editor.elementor-drop-cap-view-stacked .elementor-drop-cap{background-color:#69727d;color:#fff}.elementor-widget-text-editor.elementor-drop-cap-view-framed .elementor-drop-cap{color:#69727d;border:3px solid;background-color:transparent}.elementor-widget-text-editor:not(.elementor-drop-cap-view-default) .elementor-drop-cap{margin-top:8px}.elementor-widget-text-editor:not(.elementor-drop-cap-view-default) .elementor-drop-cap-letter{width:1em;height:1em}.elementor-widget-text-editor .elementor-drop-cap{float:left;text-align:center;line-height:1;font-size:50px}.elementor-widget-text-editor .elementor-drop-cap-letter{display:inline-block}<\/style>\t\t\t\t<h4><strong><em>Szko\u0142a powsta\u0142a z pasji do j\u0119zyk\u00f3w obcych. Swoj\u0105 dzia\u0142alno\u015b\u0107 rozpocz\u0119li\u015bmy w 2023 roku i w bardzo szybkim tempie zyskali\u015bmy grono uczni\u00f3w kt\u00f3rzy rozpocz\u0119li u Nas swoj\u0105 przygod\u0119\u00a0 z\u00a0 nauk\u0105 j\u0119zyk\u00f3w.\u00a0\u00a0\u00a0\u00a0 Nasi lektorzy to ludzie dla kt\u00f3rych j\u0119zyki obce to pasja , kt\u00f3r\u0105 kochaj\u0105 si\u0119 dzieli\u0107 z innymi.\u00a0 Wychodzimy z za\u0142o\u017cenia , \u017ce je\u015bli lubisz to co robisz, jeste\u015b w tym najlepszy !\u00a0 W\u0142a\u015bnie dlatego Nasza szko\u0142a jest inna ni\u017c wszystkie,\u00a0 kadra nauczycielska to ludzie wysoko wykszta\u0142ceni w swoim zawodzie, pasjonaci j\u0119zykowi, ludzie ciekawi \u015bwiata, podr\u00f3\u017cnicy kt\u00f3rzy na bie\u017c\u0105co maj\u0105 kontakt z prawdziwym j\u0119zykiem obcym .<\/em><\/strong><\/h4>\t\t\t\t\t\t<\/div>\n\t\t\t\t<\/div>\n\t\t\t\t\t<\/div>\n\t\t\t\t<\/div>\n\t\t<div class=\"elementor-element elementor-element-709c25b e-flex e-con-boxed e-con e-parent\" data-id=\"709c25b\" data-element_type=\"container\">\n\t\t\t\t\t<div class=\"e-con-inner\">\n\t\t\t\t\t<\/div>\n\t\t\t\t<\/div>\n\t\t<div class=\"elementor-element elementor-element-337352c e-flex e-con-boxed e-con e-parent\" data-id=\"337352c\" data-element_type=\"container\">\n\t\t\t\t\t<div class=\"e-con-inner\">\n\t\t\t\t\t<\/div>\n\t\t\t\t<\/div>\n\t\t<div class=\"elementor-element elementor-element-b041871 e-flex e-con-boxed e-con e-parent\" data-id=\"b041871\" data-element_type=\"container\">\n\t\t\t\t\t<div class=\"e-con-inner\">\n\t\t\t\t<div class=\"elementor-element elementor-element-57877d2 elementor-widget elementor-widget-image\" data-id=\"57877d2\" data-element_type=\"widget\" data-widget_type=\"image.default\">\n\t\t\t\t<div class=\"elementor-widget-container\">\n\t\t\t\t\t\t\t\t\t\t\t\t\t<img decoding=\"async\" width=\"256\" height=\"300\" src=\"https:\/\/szkolanajezykach.pl\/wp-content\/uploads\/2024\/08\/uczymy-angielskiego-obraz-256x300.jpg\" class=\"attachment-medium size-medium wp-image-211\" alt=\"\" srcset=\"https:\/\/szkolanajezykach.pl\/wp-content\/uploads\/2024\/08\/uczymy-angielskiego-obraz-256x300.jpg 256w, https:\/\/szkolanajezykach.pl\/wp-content\/uploads\/2024\/08\/uczymy-angielskiego-obraz.jpg 697w\" sizes=\"(max-width: 256px) 100vw, 256px\" \/>\t\t\t\t\t\t\t\t\t\t\t\t\t<\/div>\n\t\t\t\t<\/div>\n\t\t\t\t<div class=\"elementor-element elementor-element-cf2141f elementor-widget elementor-widget-heading\" data-id=\"cf2141f\" data-element_type=\"widget\" data-widget_type=\"heading.default\">\n\t\t\t\t<div class=\"elementor-widget-container\">\n\t\t\t<style>\/*! elementor - v3.23.0 - 05-08-2024 *\/\n.elementor-heading-title{padding:0;margin:0;line-height:1}.elementor-widget-heading .elementor-heading-title[class*=elementor-size-]>a{color:inherit;font-size:inherit;line-height:inherit}.elementor-widget-heading .elementor-heading-title.elementor-size-small{font-size:15px}.elementor-widget-heading .elementor-heading-title.elementor-size-medium{font-size:19px}.elementor-widget-heading .elementor-heading-title.elementor-size-large{font-size:29px}.elementor-widget-heading .elementor-heading-title.elementor-size-xl{font-size:39px}.elementor-widget-heading .elementor-heading-title.elementor-size-xxl{font-size:59px}<\/style><h3 class=\"elementor-heading-title elementor-size-default\">Uczymy Angielskiego<\/h3>\t\t<\/div>\n\t\t\t\t<\/div>\n\t\t\t\t<div class=\"elementor-element elementor-element-a1c0fa5 elementor-widget elementor-widget-image\" data-id=\"a1c0fa5\" data-element_type=\"widget\" data-widget_type=\"image.default\">\n\t\t\t\t<div class=\"elementor-widget-container\">\n\t\t\t\t\t\t\t\t\t\t\t\t\t<img decoding=\"async\" width=\"300\" height=\"259\" src=\"https:\/\/szkolanajezykach.pl\/wp-content\/uploads\/2024\/08\/uczymy-hiszpanskiego-obraz-300x259.jpg\" class=\"attachment-medium size-medium wp-image-212\" alt=\"\" srcset=\"https:\/\/szkolanajezykach.pl\/wp-content\/uploads\/2024\/08\/uczymy-hiszpanskiego-obraz-300x259.jpg 300w, https:\/\/szkolanajezykach.pl\/wp-content\/uploads\/2024\/08\/uczymy-hiszpanskiego-obraz.jpg 642w\" sizes=\"(max-width: 300px) 100vw, 300px\" \/>\t\t\t\t\t\t\t\t\t\t\t\t\t<\/div>\n\t\t\t\t<\/div>\n\t\t\t\t\t<\/div>\n\t\t\t\t<\/div>\n\t\t<div class=\"elementor-element elementor-element-c4c0bd3 e-flex e-con-boxed e-con e-parent\" data-id=\"c4c0bd3\" data-element_type=\"container\">\n\t\t\t\t\t<div class=\"e-con-inner\">\n\t\t\t\t<div class=\"elementor-element elementor-element-214029a elementor-widget elementor-widget-heading\" data-id=\"214029a\" data-element_type=\"widget\" data-widget_type=\"heading.default\">\n\t\t\t\t<div class=\"elementor-widget-container\">\n\t\t\t<h3 class=\"elementor-heading-title elementor-size-default\">Uczymy Hiszpa\u0144skiego<\/h3>\t\t<\/div>\n\t\t\t\t<\/div>\n\t\t\t\t<div class=\"elementor-element elementor-element-704f25e elementor-widget elementor-widget-image\" data-id=\"704f25e\" data-element_type=\"widget\" data-widget_type=\"image.default\">\n\t\t\t\t<div class=\"elementor-widget-container\">\n\t\t\t\t\t\t\t\t\t\t\t\t\t<img loading=\"lazy\" decoding=\"async\" width=\"214\" height=\"300\" src=\"https:\/\/szkolanajezykach.pl\/wp-content\/uploads\/2024\/08\/uczymy-niemieckiego-obraz-214x300.jpg\" class=\"attachment-medium size-medium wp-image-271\" alt=\"\" srcset=\"https:\/\/szkolanajezykach.pl\/wp-content\/uploads\/2024\/08\/uczymy-niemieckiego-obraz-214x300.jpg 214w, https:\/\/szkolanajezykach.pl\/wp-content\/uploads\/2024\/08\/uczymy-niemieckiego-obraz.jpg 436w\" sizes=\"(max-width: 214px) 100vw, 214px\" \/>\t\t\t\t\t\t\t\t\t\t\t\t\t<\/div>\n\t\t\t\t<\/div>\n\t\t\t\t<div class=\"elementor-element elementor-element-a8f1e55 elementor-widget elementor-widget-heading\" data-id=\"a8f1e55\" data-element_type=\"widget\" data-widget_type=\"heading.default\">\n\t\t\t\t<div class=\"elementor-widget-container\">\n\t\t\t<h3 class=\"elementor-heading-title elementor-size-default\">Uczymy Niemieckiego<\/h3>\t\t<\/div>\n\t\t\t\t<\/div>\n\t\t\t\t\t<\/div>\n\t\t\t\t<\/div>\n\t\t<div class=\"elementor-element elementor-element-30e7930 e-flex e-con-boxed e-con e-parent\" data-id=\"30e7930\" data-element_type=\"container\">\n\t\t\t\t\t<div class=\"e-con-inner\">\n\t\t\t\t\t<\/div>\n\t\t\t\t<\/div>\n\t\t\t\t<\/div>\n\t\t","protected":false},"excerpt":{"rendered":"<p>Szko\u0142a powsta\u0142a z pasji do j\u0119zyk\u00f3w obcych. Swoj\u0105 dzia\u0142alno\u015b\u0107 rozpocz\u0119li\u015bmy w 2023 roku i w bardzo szybkim tempie zyskali\u015bmy grono [&hellip;]<\/p>\n","protected":false},"author":1,"featured_media":0,"parent":0,"menu_order":0,"comment_status":"closed","ping_status":"closed","template":"","meta":{"site-sidebar-layout":"default","site-content-layout":"","ast-site-content-layout":"","site-content-style":"default","site-sidebar-style":"default","ast-global-header-display":"","ast-banner-title-visibility":"","ast-main-header-display":"","ast-hfb-above-header-display":"","ast-hfb-below-header-display":"","ast-hfb-mobile-header-display":"","site-post-title":"","ast-breadcrumbs-content":"","ast-featured-img":"","footer-sml-layout":"","theme-transparent-header-meta":"","adv-header-id-meta":"","stick-header-meta":"","header-above-stick-meta":"","header-main-stick-meta":"","header-below-stick-meta":"","astra-migrate-meta-layouts":"default","ast-page-background-enabled":"default","ast-page-background-meta":{"desktop":{"background-color":"var(--ast-global-color-4)","background-image":"","background-repeat":"repeat","background-position":"center center","background-size":"auto","background-attachment":"scroll","background-type":"","background-media":"","overlay-type":"","overlay-color":"","overlay-opacity":"","overlay-gradient":""},"tablet":{"background-color":"","background-image":"","background-repeat":"repeat","background-position":"center center","background-size":"auto","background-attachment":"scroll","background-type":"","background-media":"","overlay-type":"","overlay-color":"","overlay-opacity":"","overlay-gradient":""},"mobile":{"background-color":"","background-image":"","background-repeat":"repeat","background-position":"center center","background-size":"auto","background-attachment":"scroll","background-type":"","background-media":"","overlay-type":"","overlay-color":"","overlay-opacity":"","overlay-gradient":""}},"ast-content-background-meta":{"desktop":{"background-color":"var(--ast-global-color-5)","background-image":"","background-repeat":"repeat","background-position":"center center","background-size":"auto","background-attachment":"scroll","background-type":"","background-media":"","overlay-type":"","overlay-color":"","overlay-opacity":"","overlay-gradient":""},"tablet":{"background-color":"var(--ast-global-color-5)","background-image":"","background-repeat":"repeat","background-position":"center center","background-size":"auto","background-attachment":"scroll","background-type":"","background-media":"","overlay-type":"","overlay-color":"","overlay-opacity":"","overlay-gradient":""},"mobile":{"background-color":"var(--ast-global-color-5)","background-image":"","background-repeat":"repeat","background-position":"center center","background-size":"auto","background-attachment":"scroll","background-type":"","background-media":"","overlay-type":"","overlay-color":"","overlay-opacity":"","overlay-gradient":""}},"footnotes":""},"class_list":["post-72","page","type-page","status-publish","hentry"],"_links":{"self":[{"href":"https:\/\/szkolanajezykach.pl\/index.php?rest_route=\/wp\/v2\/pages\/72","targetHints":{"allow":["GET"]}}],"collection":[{"href":"https:\/\/szkolanajezykach.pl\/index.php?rest_route=\/wp\/v2\/pages"}],"about":[{"href":"https:\/\/szkolanajezykach.pl\/index.php?rest_route=\/wp\/v2\/types\/page"}],"author":[{"embeddable":true,"href":"https:\/\/szkolanajezykach.pl\/index.php?rest_route=\/wp\/v2\/users\/1"}],"replies":[{"embeddable":true,"href":"https:\/\/szkolanajezykach.pl\/index.php?rest_route=%2Fwp%2Fv2%2Fcomments&post=72"}],"version-history":[{"count":54,"href":"https:\/\/szkolanajezykach.pl\/index.php?rest_route=\/wp\/v2\/pages\/72\/revisions"}],"predecessor-version":[{"id":283,"href":"https:\/\/szkolanajezykach.pl\/index.php?rest_route=\/wp\/v2\/pages\/72\/revisions\/283"}],"wp:attachment":[{"href":"https:\/\/szkolanajezykach.pl\/index.php?rest_route=%2Fwp%2Fv2%2Fmedia&parent=72"}],"curies":[{"name":"wp","href":"https:\/\/api.w.org\/{rel}","templated":true}]}}